1
Let d(y) = y**2 + 10*y - 27. Calculate d(-13).
12
Let o(n) = -n**2 - 4*n + 154. Determine o(-15).
-11
Let u(o) = -3*o - 35. What is u(-14)?
7
Let l(p) = 14*p + 5. Determine l(-2).
-23
Let q(l) = -l**2 + 5*l + 4. Calculate q(0).
4
Let h(d) = -20*d - 730. Give h(-37).
10
Let g(u) = 5*u + 31. Calculate g(6).
61
Let l(w) = 3*w**2 + 16*w + 37. What is l(-3)?
16
Let t(o) = -3*o + 26. Determine t(8).
2
Let a(v) = v**3 - 18*v**2 - 20*v + 11. Calculate a(19).
-8
Let x(t) = t**3 + 4*t**2 + t - 2. Give x(-2).
4
Let w(k) = k**2 - 14*k + 21. Give w(11).
-12
Let a(l) = 7*l**2 + l - 2. Calculate a(1).
6
Let o(l) = -l**3 + 6*l**2 - 5*l + 1. Determine o(4).
13
Let o(z) = z + 10. Calculate o(-11).
-1
Let r(h) = -7*h + 134. Calculate r(9).
71
Let b(i) = -i**3 + 19*i**2 - 17*i + 19. Give b(18).
37
Let o(n) = -10*n + 3. What is o(2)?
-17
Let d(j) = 3*j - 5. Determine d(2).
1
Let a(b) = -b**3 - 15*b**2 + 16*b - 21. Give a(-16).
-21
Let z(h) = -2*h**2 - 2*h. Calculate z(-2).
-4
Let c(n) = n**2 - 13*n + 18. Calculate c(2).
-4
Let z(x) = -11*x**2. What is z(-3)?
-99
Let x(l) = l**2 - 34*l + 266. Determine x(23).
13
Let m(a) = 2*a + 3. Determine m(2).
7
Let b(z) = z - 37. What is b(0)?
-37
Let m(q) = 5*q + 4. Calculate m(-2).
-6
Let f(y) = y - 19. Give f(8).
-11
Let h(c) = c**3 - 10*c**2 - 12*c + 21. Give h(11).
10
Let w(b) = -2*b**2 + 3*b + 3. Give w(2).
1
Let u(y) = -2*y**3 + y**2 - 2*y. What is u(2)?
-16
Let o(b) = b**2 - 13*b - 47. Give o(18).
43
Let y(t) = 2*t**2 + 4*t - 1. Give y(-5).
29
Let v(b) = b + 34. Calculate v(-14).
20
Let d(i) = 4*i - 79. Give d(20).
1
Let w(u) = u + 3. What is w(6)?
9
Let c(w) = -w**2 + 27. Determine c(-4).
11
Let r(v) = -4*v + 19. Give r(14).
-37
Let r(m) = m + 15. What is r(-16)?
-1
Let g(h) = 2*h + 26. What is g(-12)?
2
Let k(b) = 9*b - 1. Determine k(-2).
-19
Let b(y) = -2*y + 12. What is b(12)?
-12
Let p(n) = -2*n - 32. What is p(-17)?
2
Let q(l) = -l**3 + 25*l**2 + l - 32. Give q(25).
-7
Let g(t) = 16*t**2 - 16*t + 3. What is g(2)?
35
Let q(g) = -g**2 + 3*g - 12. Calculate q(6).
-30
Let m(h) = -h**2 + 6*h - 142. What is m(0)?
-142
Let k(o) = 3*o + 23. Give k(-12).
-13
Let s(u) = u**3 - 6*u**2 + 5*u + 7. Calculate s(5).
7
Let c(i) = 2*i - 7. Determine c(1).
-5
Let h(j) = j**2 - 19*j + 51. Calculate h(15).
-9
Let l(m) = 9*m - 8. Give l(11).
91
Let s(o) = o**3 - 11*o**2 - o + 15. Determine s(11).
4
Let i(q) = -q**3 - 9*q**2 + 10*q + 6. Give i(-10).
6
Let t(o) = -o - 1. What is t(3)?
-4
Let f(u) = 2*u**3 + 6*u**2 + 3*u - 4. Calculate f(-4).
-48
Let f(d) = 23*d**2 + d + 1. Give f(-1).
23
Let p(a) = -2*a**3 + a**2 + 3*a + 3. Determine p(-2).
17
Let y(h) = -h**2 + 3*h - 52. Give y(0).
-52
Let q(n) = -n**2 - 14. Give q(0).
-14
Let n(a) = -2*a + 25. Determine n(17).
-9
Let k(o) = o**3 - 4*o**2 - 4*o. Calculate k(5).
5
Let h(t) = t**3 - 8*t**2 - 9*t - 13. Determine h(9).
-13
Let t(d) = d**3 + 3*d**2 - 6*d - 2. Give t(-4).
6
Let s(i) = i**3 + 21*i**2 - 20*i + 49. Give s(-22).
5
Let x(s) = -4*s**3 - 3*s**2 - 4*s - 2. Calculate x(-2).
26
Let s(f) = f**3 - 4*f**2 + 3*f - 2. Calculate s(3).
-2
Let a(w) = -w**3 + 4*w + 1. What is a(3)?
-14
Let p(x) = -x**3 + 6*x**2 + 8*x + 1. What is p(8)?
-63
Let x(t) = t**2 - 4*t - 1. What is x(4)?
-1
Let g(y) = -y**2 - 14*y + 5. Give g(-13).
18
Let t(j) = -2*j**3 + 53*j**2 + 27*j + 34. Give t(27).
34
Let z(j) = 2*j**3 + j**2 + 8*j + 7. Give z(-3).
-62
Let m(t) = t**3 - 6*t**2 - 6*t + 42. Calculate m(5).
-13
Let y(i) = 6*i + 14. What is y(-4)?
-10
Let x(c) = c**2 - 35*c + 269. What is x(23)?
-7
Let w(a) = -a**3 - 5*a**2 + 19*a + 36. Calculate w(-7).
1
Let h(c) = -c**2 - 18*c + 8. What is h(-22)?
-80
Let t(r) = 2*r - 31. Determine t(23).
15
Let s(l) = -3*l - 10. Calculate s(9).
-37
Let t(v) = -42*v + 343. Determine t(8).
7
Let v(b) = 6*b - 63. What is v(12)?
9
Let m(t) = 4*t - 50. Determine m(15).
10
Let o(b) = b**2 + 15*b + 3. Determine o(-14).
-11
Let r(o) = -o**3 - 12*o**2 + 12*o + 262. Give r(-11).
9
Let g(w) = w**3 - 14*w**2 + w - 6. Calculate g(14).
8
Let y(p) = -p**3 - 37*p**2 + 162*p - 80. What is y(-41)?
2
Let k(v) = -v**2 + 46*v - 130. Give k(42).
38
Let c(t) = 11*t - 41. Give c(8).
47
Let f(n) = -2*n**2 - n + 53. Give f(5).
-2
Let g(v) = 3*v**2 - 15*v + 9. Give g(6).
27
Let a(g) = -2*g**2 + 84*g + 83. Calculate a(43).
-3
Let l(o) = o**3 + o**2 - o + 2. Give l(-3).
-13
Let m(j) = -5*j + 3. Determine m(-6).
33
Let j(h) = -5*h + 2. Determine j(-1).
7
Let j(y) = y**2 + 8*y + 5. What is j(-5)?
-10
Let h(z) = -z**3 - 5*z**2 + 11*z - 22. Calculate h(-7).
-1
Let z(f) = -f**3 + 10*f**2 + 7*f - 7. What is z(10)?
63
Let a(d) = 2*d + 2. Calculate a(-4).
-6
Let t(q) = 2*q**2 - 6. Give t(2).
2
Let b(d) = -3*d - 47. Determine b(-3).
-38
Let c(k) = k**2 + 3*k - 3. Calculate c(3).
15
Let t(f) = -3*f - 3. Determine t(1).
-6
Let p(v) = -v**3 - 7*v**2 - 4*v - 4. Give p(-6).
-16
Let g(j) = -18*j - 30. Determine g(-3).
24
Let o(n) = -n**2 + 6*n + 11. What is o(8)?
-5
Let s(c) = -8*c**2 + 2*c - 1. Determine s(2).
-29
Let i(p) = 2*p**3 - 25*p**2 - 11*p - 43. Give i(13).
-17
Let y(q) = -q**3 - 7*q**2 + 36*q - 7. Give y(3).
11
Let h(t) = -t + 16. Calculate h(9).
7
Let v(i) = -9*i - 4. Give v(-3).
23
Let u(v) = 2*v - 41. Give u(28).
15
Let m(a) = a**2 - a - 3. Give m(0).
-3
Let d(p) = p**2 - 14*p + 50. Determine d(8).
2
Let i(h) = h**2 - 2*h + 4. What is i(0)?
4
Let r(h) = -4*h**2 - 4*h + 5. What is r(-4)?
-43
Let c(d) = d**3 + d**2 + 67. Give c(0).
67
Let d(a) = -a**3 - 5*a**2 - 13*a + 44. What is d(3)?
-67
Let u(x) = x**3 - 6*x**2 - 4*x - 6. What is u(6)?
-30
Let z(q) = -4*q - 11. Determine z(-6).
13
Let m(c) = c**3 + 77*c**2 - 78*c + 6. Calculate m(-78).
6
Let s(a) = 2*a**3 - 5*a**2 + 5*a - 7. Determine s(3).
17
Let l(r) = 3*r**2 + 62*r + 87. What is l(-19)?
-8
Let t(n) = 2*n + 28. Calculate t(-6).
16
Let p(i) = 7*i - 79. Give p(10).
-9
Let a(v) = v + 44. Determine a(0).
44
Let l(y) = -y**3 - 5*y**2 + 3*y - 25. Determine l(-6).
-7
Let l(c) = -c**2 - 7*c + 38. Determine l(10).
-132
Let s(m) = m**3 - 6*m**2 + m - 3. What is s(6)?
3
Let l(z) = 2*z + 21. What is l(-19)?
-17
Let p(g) = -g**2 - 12*g - 5. Determine p(-12).
-5
Let f(x) = x - 29. Determine f(12).
-17
Let h(o) = 5*o - 3. Calculate h(2).
7
Let f(v) = v**3 - 8*v**2 - 1. Determine f(8).
-1
Let w(y) = -y**3 + 73*y**2 - 70*y - 147. What is w(72)?
-3
Let i(k) = k**3 - 6*k**2 + 2*k + 4. Calculate i(6).
16
Let b(y) = -y**3 + 2*y**2 + 5*y - 6. Determine b(-4).
70
Let z(p) = p + 12. What is z(5)?
17
Let x(q) = q - 8. What is x(-2)?
-10
Let w(j) = -j**3 - 3*j**2 + 7*j - 10. Determine w(-5).
5
Let z(j) = -j**3 - j**2 - j - 2. What is z(2)?
-16
Let o(b) = -2*b**2 - 6*b - 4. Give o(-4).
-12
Let h(l) = -l**2 + 6*l - 2. What is h(7)?
-9
Let x(h) = -h**2 + 10*h - 11. Give x(6).
13
Let x(l) = 25*l - 67. Give x(3).
8
Let b(w) = w**3 - 8*w**2 - 10*w + 12. What is b(9)?
3
Let q(a) = a**3 - 8*a**2 + a - 5. What is q(8)?
3
Let g(d) = -3*d - 1. Determine g(-10).
29
Let c(l) = -118*l + 582. Calculate c(5).
-8
Let s(i) = i**2 + 2*i - 148. Calculate s(12).
20
Let r(x) = -120*x - 370. What is r(-3)?
-10
Let d(y) = -10*y + 99. Determine d(10).
-1
Let z(v) = v**3 + 9*v**2 + 9*v - 3. What is z(-8)?
-11
Let a(u) = 18*u**2 - 6*u + 2. Calculate a(2).
62
Let j(f) = 15*f + 53. Calculate j(0).
53
Let f(k) = 17*k - 31. Determine f(2).
3
Let r(z) = -25*z - 155. What is r(-6)?
-5
Let w(u) = 2*u**2 + 44*u - 4. Determine w(-22).
-4
Let w(c) = -7*c - 87. Determine w(-13).
4
Let o(w) = 2*w**2 - 7*w - 1. Calculate o(3).
-4
Let o(u) = -u**3 - 11*u**2 + 16*u + 22. Calculate o(-12).
-26
Let b(o) = -o**2 - 12*o - 8. Give b(-8).
24
Let k(d) = d**3 - 5*d**2 - 5*d - 9. Determine k(6).
-3
Let p(f) = 2*f**3 + 2*f**2 - 4*f + 2. Calculate p(2).
18
Let o(r) = -r**3 - 2*r**2 + 3*r - 3. Determine o(-5).
57
Let t(p) = -p**2 - 12*p - 14. Give t(-13).
-27
Let h(j) = -j + 3. Give h(-1).
4
Let n(z) = -19*z**2 - z - 1. Determine n(-1).
-19
Let g(p) = 9*p**3 - 3*p**2 - 3*p - 1. What is g(-1)?
-10
Let d(x) = -x**3 - 10*x**2 + 10*x - 23. What is d(-11)?
-12
Let y(s) = s**3 + 5*s**2 + 5*s - 1. Give y(-4).
-5
Let k(a) = 14*a + 81. What is k(-6)?
-3
Let k(o) = 7*o**3 + 23*o - 24. Calculate k(1).
6
Let l(i) = -3*i + 18. What is l(12)?
-18
Let s(q) = -2*q**2 - 12. Give s(7).
-110
Let u(z) = 2*z**3 + 16*z**2 + 26*z - 8. What is u(-4)